 q(t) = -j(t) - l(t). Let w(d) = d**3 - 4*d**2 - 4*d - 5. Let p be w(4). What is the units digit of q(p)?
9
Let m(w) = -w + 18. Let b be m(12). Suppose -5*u = -7*u + b. What is the tens digit of 1/u + 1615/51?
3
Suppose 4*r + 2*i - i + 11 = 0, -3*r - 2*i = 2. What is the hundreds digit of 1038/4*r/(-3) + 4?
3
Let k = -11 + 13. Suppose 30 = k*g - 4*h + 6, 5*h = g - 27. Suppose 326 = 4*u - 3*n, -n - 3*n = g*u - 174. What is the units digit of u?
3
Let k(c) = 3*c**2 + 9*c - 29. Let o(g) = -3*g**2 - 8*g + 29. Let u(s) = -4*k(s) - 5*o(s). Let w = -3566 + 3572. What is the units digit of u(w)?
3
Suppose -3*l + 1464 = -66. Suppose -5*n = -2*n - l. What is the units digit of n?
0
Let w(l) = l**3 + l**2 - l + 2. Let p(k) = -4*k**3 - 16*k**2 + 2*k + 36. Let a(y) = p(y) + 5*w(y). What is the hundreds digit of a(12)?
1
Suppose 0 = -l - 3*d + 693, 4*l = 25*d - 21*d + 2724. What is the units digit of l?
4
Let r(d) = 17*d**2 - 1949. What is the thousands digit of r(32)?
5
Let g(x) = x**2 + 233*x + 16018. What is the ten thousands digit of g(0)?
1
Let y = 165 - 161. Suppose a - 868 = -y*i, i = -6*a + a + 198. What is the tens digit of i?
1
Suppose -5*s + 30 = -0*s. Let u be 84/(-24)*s/(-7). Suppose 5*b - 3*b + 2*i = 100, u*b - 2*i - 160 = 0. What is the units digit of b?
2
Suppose 4*l - 4*w - 3370 - 34242 = 0, -25 = 5*w. What is the units digit of l?
8
What is the thousands digit of ((-2)/10 + (-441)/70)*(-32 + -842)?
5
Let d = 304 - 297. What is the hundreds digit of ((-9)/63)/(d/(-20531))?
4
Let z be 4/(-7) - (-18)/(-42). Let t(i) = -177*i**3 - 2*i - 2. What is the tens digit of t(z)?
7
Suppose -321880 = -26*h + 27066. What is the hundreds digit of h?
4
Let u(a) be the second derivative of 49/2*a**2 + 7/6*a**3 + 0 + 10*a. What is the units digit of u(16)?
1
Suppose 0 = -m - 3 + 77. Suppose 0 = -4*u + m + 50. Suppose -26*k + u*k = 15. What is the units digit of k?
3
Let o = 7249 + -6844. What is the tens digit of o?
0
Let m = -135 + 94. Let x = m + 41. Suppose -6*g + 3*g + 99 = x. What is the units digit of g?
3
Let u be 5/9*-5 - (-10)/(-45). Let y(q) = -q**3 - q + 1. Let s(n) = n**2 + 8*n + 1. Let g(a) = s(a) + 3*y(a). What is the units digit of g(u)?
9
Let d = 29 + 8. Suppose 0 = 3*s - b - 3, 12 = 4*s - 10*b + 6*b. Suppose s = 9*g - 53 - d. What is the units digit of g?
0
Let y(o) = 39*o - 396. Let b be y(10). Let j(i) = -88*i - 118. What is the hundreds digit of j(b)?
4
Suppose -10*d + 5411 = -359. Let t = -383 + d. What is the hundreds digit of t?
1
Let w(b) = -4*b**3 + 4*b**2 + 5*b - 15. What is the tens digit of w(-11)?
3
Let f(s) = 152*s**2 - 20*s + 19. What is the hundreds digit of f(-8)?
9
Let z(f) = 3*f**2 - 6*f + 4. Let x be (-1 - -1) + -6 + 42. Suppose -o = 4*s + o + x, 4*o = -16. What is the hundreds digit of z(s)?
1
Let z(w) = -w**3 - 3*w**2 + 58*w - 6. Let c be z(6). What is the tens digit of 2*(6 - (-603)/c)?
7
Let f(n) = 657*n + 28. Let c be f(4). Suppose 4*p = 20*p - c. What is the tens digit of p?
6
Let n(v) = -8*v**3 - 3*v**2 - 3*v - 1. Let x be n(-2). Let a = 195 - 126. Suppose -2*h + x = -a. What is the units digit of h?
3
Let j = -114 - -114. Suppose j = 11*d + 363 - 2981. Suppose -5*l = 5, -5*n + 4*n + 3*l = -d. What is the hundreds digit of n?
2
Suppose b = 3*d - 4*b - 494, 3*b = -2*d + 304. Suppose -g + 163 = d. Suppose -g*a + 668 = -2*v, -2*a - 4*v + 207 + 65 = 0. What is the hundreds digit of a?
1
Let b be 16/14*441/18. Suppose 6*w - b*w = -7612. What is the units digit of w?
6
Suppose -12367*b + 59802 = -12364*b. What is the thousands digit of b?
9
Let k be -3*-10*(-3)/45*2. Let v be 8 - k/2 - (-2 - -2). Suppose 4*t - v*t + 264 = 0. What is the tens digit of t?
4
Let w(g) = -3*g**3 + g**2 - 3*g + 2. Let v = 3 + -2. Let m be w(v). Let l(h) = -13*h - 9. What is the tens digit of l(m)?
3
Let r(l) = -l**2 - 18*l - 22. Let h be r(-17). Let o be h/(4 - (5 - 2)). What is the units digit of (83 - 1)/(o/(-5))?
2
Let c = -21 - -23. Let a be (177 - 15) + c + -1. Let d = -92 + a. What is the tens digit of d?
7
Let i be 0 - 6*(-10)/4. Suppose 3*b = -2*a - i, 2*a + 5 = b - 2*b. Let z(g) = 2*g**2 + 10*g + 14. What is the units digit of z(b)?
4
Let n(i) = -2*i - 1. Let r(m) = 30*m + 158. Let b(h) = -20*n(h) - 2*r(h). What is the hundreds digit of b(-41)?
5
Suppose 2*r - 2*x - 38 = -x, 50 = 2*r + 5*x. Suppose 0*z = -z + r. Suppose z - 4 = u. What is the units digit of u?
6
Let h = 37726 + -5131. What is the units digit of h?
5
Suppose -f = 63 - 62. What is the tens digit of ((1125/(-2))/9)/(f/2)?
2
Let u(b) = 15*b. Let s be u(1). Suppose 5*d + 5*t - s = 0, d = 5*t + 1 + 26. Suppose d - 39 = -8*l. What is the units digit of l?
4
Suppose -4*z = -3*b - 969, z = 2*z + 2*b - 234. Suppose -2*r - 4*a + 174 = 0, 2*r + r = a + z. Let v = 140 - r. What is the tens digit of v?
5
Let u be (-80)/(-60)*(-6)/(-4). Suppose -172 = u*j - 634. What is the tens digit of j?
3
Let r(h) = 132*h - 99. Let k(a) = a - 1. Let v(w) = -55*k(w) + r(w). What is the tens digit of v(3)?
8
Suppose 9*w = 2*m + 4*w - 31, 0 = 2*m - w - 11. Suppose -2*c + 7 = -m. Suppose c*n = 5*f + 255, n + 2*n + 3*f = 129. What is the units digit of n?
7
Let x = -34037 - -59015. What is the units digit of x?
8
Suppose 5*o = 2*k + 39835, 0 = -o + 4*k - 3*k + 7964. What is the units digit of o?
9
Let g(a) = -3*a**3 + 2*a**2 - 5*a + 6. Let b be g(4). Let t be 228/(-38) + 984/3. Let j = b + t. What is the units digit of j?
8
Let n(h) = -5*h**2 - 27*h - 4. Let g(i) = 4*i**2 + 28*i + 5. Let b(m) = 3*g(m) + 2*n(m). What is the units digit of b(-22)?
5
Let o be 16/24 + (-36)/(-27). Suppose -2*d = -d - 32. Suppose -o*r = -d - 12. What is the tens digit of r?
2
Let i(a) = -a**3 + 6*a**2 + 8*a - 2. Let h be i(7). Suppose 5*y - 9550 = -h*f, -5*y + 2*f + 9547 = 4*f. Suppose 381 - y = -8*m. What is the units digit of m?
1
Suppose 2*q = -s + 427, -2*s + q = 4*q - 856. Let m = s - 313. What is the tens digit of m?
1
Let o be (-2)/((-4)/24 - 2/6). Let d(h) = 3*h**3 + 4*h**2 + 2*h - 9. What is the hundreds digit of d(o)?
2
Let u(q) = 43 + 5*q + q + q**2 - 13*q. What is the tens digit of u(11)?
8
Suppose -345*w = -343*w - 16. Suppose w*m - 7184 = -2760. What is the tens digit of m?
5
What is the tens digit of 1*17480 - (183 + -184)?
8
Let q = -7205 - -12034. What is the thousands digit of q?
4
Let u = 90103 - 56667. What is the ten thousands digit of u?
3
Let o(s) be the first derivative of 21*s**2/2 - 54*s - 30. What is the units digit of o(18)?
4
Let i be (24*3)/(-2) - 0. Suppose -5*q = -2*z - 4*q - 130, 221 = -3*z - 5*q. Let x = i - z. What is the tens digit of x?
3
Let x = -106 - -74. Suppose 4*c + 5*d = -c + 125, 3*d - 103 = -4*c. Let b = c - x. What is the tens digit of b?
6
Let g = 0 - 15. Let z = g + 19. Suppose -z*a - 3 - 9 = 0, -25 = -5*f - 5*a. What is the units digit of f?
8
Let p(n) = -n - 10. Let r be p(-14). Suppose v - 1022 = -8*b + 4*b, -3*b + 757 = -r*v. What is the hundreds digit of b?
2
Let a = 23218 + -16251. What is the thousands digit of a?
6
What is the units digit of 1/(-3) - (85804/(-12) - (-11 - -5))?
4
Suppose -2*x + 2883 + 4106 = 5*s, 5*x = -s + 1384. Let g = -418 + s. What is the hundreds digit of g?
9
Suppose 2*k - 24028 = -4*m, -m - 2*k + 6001 = -3*k. What is the thousands digit of m?
6
Suppose 0 = 5*f + 348 - 358. Suppose 2*a - 246 = -k, -f*k + 333 + 169 = 2*a. What is the tens digit of k?
5
Let n be -1*-1*1*(-2 + 7). Let d(r) = -2*r + 12. Let o be d(n). Suppose -o*c = 4*f - 202, -7*c + 9*c - 242 = 4*f. What is the units digit of c?
1
Suppose -119 = -8*x + 1249. Let n = 8 + x. What is the tens digit of n?
7
Suppose -45823 - 132494 = -9*m. What is the units digit of m?
3
Let x(z) = 2*z**3 - z**2 + 3*z + 1. Let q be x(4). Suppose 5*n - 40 - q = 0. Let s = -32 + n. What is the units digit of s?
1
Let a be (-330)/(-20)*-6*(-2)/(-9). What is the hundreds digit of (218/4)/((-1)/a)?
1
Let q = -91 - -102. Suppose 2*w = q + 93. What is the tens digit of w?
5
Let q = -17936 - -29953. What is the hundreds digit of q?
0
Let l(f) = 8*f - 101. Let x be l(15). Suppose 617 = x*v - 1948. What is the units digit of v?
5
Let l(y) = -y**3 + 2*y**2 + 2*y + 1. Let u be l(-1). Suppose 3*m + 89 = 5*z - 10*z, 0 = z - u. What is the units digit of 5/((-5)/m) + -2?
1
Suppose -28*c + 39232 = -12*c. What is 